38 even?
True
Is 252 a factor of 2111760?
True
Does 380 divide 299251?
False
Is 160 a factor of 619008?
False
Does 151 divide 4016724?
False
Is 75 a factor of 2666625?
True
Is 20608413 a multiple of 1319?
False
Does 766 divide 14251430?
True
Is 3570251 a multiple of 65?
False
Is 61693 a multiple of 80?
False
Is 4303909 a multiple of 187?
False
Does 37 divide 2975994?
False
Is 77695 a multiple of 379?
True
Is 4505250 a multiple of 750?
True
Is 176665 a multiple of 89?
True
Does 22 divide 722004?
False
Is 515 a factor of 2656843?
False
Does 103 divide 216081?
False
Is 22103 a multiple of 17?
False
Does 4 divide 1897196?
True
Is 517 a factor of 545751?
False
Is 114 a factor of 767904?
True
Does 218 divide 60941?
False
Is 3 a factor of 434967?
True
Is 172317 a multiple of 213?
True
Does 27 divide 7433775?
True
Does 6 divide 547245?
False
Is 1602250 a multiple of 725?
True
Is 69042 a multiple of 111?
True
Is 11 a factor of 201994?
False
Is 23 a factor of 155940?
True
Is 124 a factor of 167276?
True
Does 4 divide 729270?
False
Does 828 divide 1137672?
True
Is 320 a factor of 855442?
False
Is 40 a factor of 465662?
False
Is 190631 a multiple of 113?
True
Does 545 divide 511003?
False
Is 16164619 a multiple of 87?
False
Does 85 divide 23777?
False
Is 35 a factor of 111020?
True
Is 839405 a multiple of 145?
True
Is 500182 a multiple of 231?
False
Is 35 a factor of 2872?
False
Is 35310 a multiple of 63?
False
Does 12 divide 1740552?
True
Does 9 divide 695564?
False
Does 132 divide 3524976?
False
Is 146070 a multiple of 5?
True
Does 6 divide 119652?
True
Is 1608 a factor of 4637262?
False
Does 10 divide 965001?
False
Is 37 a factor of 552262?
True
Is 2784222 a multiple of 46?
False
Does 734 divide 6435712?
True
Is 66 a factor of 1008537?
False
Is 1286928 a multiple of 9?
True
Does 254 divide 1883137?
False
Does 46 divide 638334?
False
Does 139 divide 187650?
True
Is 34126 a multiple of 25?
False
Is 5 a factor of 9665?
True
Is 2705508 a multiple of 26?
True
Is 856453 a multiple of 63?
False
Does 7 divide 156733?
False
Is 115 a factor of 683905?
True
Is 101 a factor of 241705?
False
Is 6 a factor of 85348?
False
Is 111900 a multiple of 3?
True
Is 58 a factor of 11884877?
False
Does 16 divide 1422912?
True
Is 555 a factor of 1090575?
True
Is 414 a factor of 89424?
True
Does 16 divide 536144?
True
Does 301 divide 15494878?
True
Does 2 divide 924090?
True
Is 134695 a multiple of 5?
True
Is 165 a factor of 1169190?
True
Is 95324 a multiple of 7?
False
Is 104954 a multiple of 97?
True
Does 20 divide 4676626?
False
Is 163659 a multiple of 2?
False
Is 40729 a multiple of 28?
False
Is 29 a factor of 253050?
False
Is 4266332 a multiple of 49?
True
Is 22 a factor of 359268?
False
Is 18 a factor of 3612888?
True
Is 252 a factor of 75692?
False
Is 3246843 a multiple of 256?
False
Is 36 a factor of 3813912?
True
Is 466 a multiple of 11?
False
Is 6793698 a multiple of 566?
True
Is 27 a factor of 41882?
False
Is 25 a factor of 547575?
True
Does 444 divide 31578?
False
Does 16 divide 3318304?
True
Is 96 a factor of 12028416?
True
Is 190 a factor of 11890473?
False
Is 340 a factor of 823820?
True
Is 130 a factor of 428480?
True
Does 115 divide 3691497?
False
Is 39 a factor of 1408994?
False
Is 7 a factor of 149352?
True
Is 173 a factor of 24567?
False
Is 121647 a multiple of 23?
True
Is 4087395 a multiple of 765?
True
Is 559237 a multiple of 279?
False
Is 67236 a multiple of 21?
False
Does 8 divide 869120?
True
Is 342038 a multiple of 240?
False
Is 31612 a multiple of 273?
False
Is 16 a factor of 877424?
True
Is 253019 a multiple of 42?
False
Does 15 divide 211530?
True
Does 88 divide 1051336?
True
Is 429460 a multiple of 394?
True
Is 448 a factor of 19342928?
False
Does 19 divide 11039?
True
Does 83 divide 28801?
True
Does 23 divide 1154922?
True
Does 45 divide 243488?
False
Does 48 divide 719184?
True
Is 175 a factor of 131425?
True
Is 223 a factor of 860995?
False
Is 16 a factor of 37200?
True
Is 177 a factor of 139088?
False
Does 8 divide 964984?
True
Is 2248514 a multiple of 741?
False
Does 21 divide 4164166?
False
Is 142593 a multiple of 5?
False
Is 489 a factor of 20662206?
True
Does 42 divide 152716?
False
Is 1199492 a multiple of 14?
True
Is 8 a factor of 12760?
True
Does 322 divide 121680?
False
Does 6 divide 384768?
True
Is 772001 a multiple of 3?
False
Is 5 a factor of 9321?
False
Is 38 a factor of 8322?
True
Is 47184 a multiple of 176?
False
Is 380 a factor of 204964?
False
Does 30 divide 773964?
False
Is 9 a factor of 3779079?
False
Does 14 divide 79744?
True
Is 98 a factor of 48314?
True
Is 17290050 a multiple of 2190?
True
Does 4 divide 410686?
False
Is 39900 a multiple of 5?
True
Is 9 a factor of 23837004?
True
Does 44 divide 286572?
True
Is 113278 a multiple of 435?
False
Does 65 divide 2855320?
True
Is 5172072 a multiple of 8?
True
Is 168 a factor of 201264?
True
Is 34560 a multiple of 72?
True
Does 166 divide 859548?
True
Does 13 divide 11245572?
True
Is 20848991 a multiple of 151?
False
Does 21 divide 234549?
True
Does 14 divide 1370334?
True
Is 911 a factor of 5455068?
True
Is 991230 a multiple of 285?
True
Is 83 a factor of 16932?
True
Is 94806 a multiple of 196?
False
Does 240 divide 101441?
False
Is 28 a factor of 371017?
False
Does 7 divide 480865?
True
Does 34 divide 2001937?
False
Does 791 divide 1331452?
False
Does 347 divide 49433?
False
Is 144568 a multiple of 17?
True
Does 18 divide 122306?
False
Is 74229 a multiple of 20?
False
Does 28 divide 7657888?
True
Is 24102 a multiple of 9?
True
Does 36 divide 3336372?
True
Does 8 divide 4724?
False
Does 20 divide 20320?
True
Is 210 a factor of 12422970?
True
Is 18767 a multiple of 84?
False
Is 35 a factor of 1028260?
False
Is 228135 a multiple of 67?
True
Is 13 a factor of 212040?
False
Is 788360 a multiple of 40?
True
Is 42 a factor of 815185?
False
Is 55 a factor of 2231469?
False
Is 4 a factor of 62425?
False
Is 731 a factor of 10395437?
False
Is 378331 a multiple of 24?
False
Is 20273 a multiple of 2?
False
Does 134 divide 990091?
False
Is 163104 a multiple of 16?
True
Does 11 divide 321918?
False
Is 196 a factor of 216371?
False
Is 316415 a multiple of 22?
False
Does 12 divide 1283724?
True
Is 377265 a multiple of 13?
False
Is 187 a factor of 5189681?
False
Does 108 divide 400483?
False
Is 2805710 a multiple of 236?
False
Does 120 divide 505200?
True
Is 443 a factor of 12684419?
True
Is 22 a factor of 105019?
False
Does 178 divide 1454616?
True
Is 470922 a multiple of 163?
False
Is 756549 a multiple of 24?
False
Is 670189 a multiple of 7?
False
Is 73 a factor of 53179?
False
Is 42 a factor of 544110?
True
Is 6 a factor of 2013944?
False
Is 126 a factor of 1067845?
False
Is 76 a factor of 2031?
False
Is 96 a factor of 133175?
False
Is 9494254 a multiple of 19?
False
Is 12 a factor of 2041488?
True
Is 846741 a multiple of 92?
False
Is 34285 a multiple of 8?
False
Is 407 a factor of 11314?
False
Is 1067730 a multiple of 681?
False
Does 241 divide 15623015?
False
Is 40 a factor of 6217074?
False
Does 153 divide 203926?
False
Is 90 a factor of 2957741?
False
Does 9 divide 123543?
True
Is 347 a factor of 1120116?
True
Is 47 a multiple of 47?
True
Is 69542 a multiple of 15?
False
Is 134620 a multiple of 4?
True
Does 278 divide 42561?
False
Is 1212230 a multiple of 241?
True
Does 154 divide 1924230?
True
Is 44 a factor of 1154736?
True
Does 37 divide 11644714?
True
Is 1575 a factor of 1142559?
False
Is 16 a factor of 3105884?
False
Is 20 a factor of 64073?
False
Is 10765 a multiple of 21?
False
Is 192030 a multiple of 38?
False
Is 230340 a multiple of 15?
True
Is 620209 a multiple of 132?
False
Is 820350 a multiple of 10?
True
Is 13 a factor of 736022?
False
Is 164828 even?
True
Is 27 a factor of 3888?
True
Does 11 divide 69691?
False
Is 210 a factor of 1378141?
False
Is 55062 a multiple of 42?
True
Is 375023 a multiple of 94?
False
Does 141 divide 3331730?
False
Is 351583 a multiple of 22?
False
Is 163 a factor of 124605?
False
Does 12 divide 113640?
True
Is 1021 a factor of 1083198?
False
Is 6 a factor of 17668?
False
Is 386 a factor of 7875944?
True
Is 869868 a multiple of 99?
False
Does 51 divide 177174?
True
Is 77 a factor of 205898?
True
Is 428281 a multiple of 62?
False
Is 159 a factor of 